{"id":1962,"date":"2022-07-27T12:48:25","date_gmt":"2022-07-27T12:48:25","guid":{"rendered":"http:\/\/pfarrsprengel-garz.de\/?page_id=1962"},"modified":"2022-09-30T13:59:06","modified_gmt":"2022-09-30T13:59:06","slug":"pilgerunterkunft","status":"publish","type":"page","link":"https:\/\/pfarrsprengel-garz.de\/?page_id=1962","title":{"rendered":"Pilgerunterkunft"},"content":{"rendered":"<p><strong><span style=\"font-size: 12pt;\">Pilgerunterkunft in der Kapelle Swantow<\/span><\/strong><\/p>\n<p><span style=\"font-size: 12pt;\">Neben der St. Stephanus-Kirche in Swantow steht eine kleine Kapelle, die vor ein paar Jahren saniert und ausgebaut wurde. \u00a0 \u00a0 Pilger haben hier die M\u00f6glichkeit, im Kapellenraum zu \u00fcbernachten. Eine Schlafmatte, ein Schlafsack, o.\u00e4. muss daf\u00fcr selbst mitgebracht werden. Betten sind nicht vorhanden, aber eine Toilette und eine K\u00fcche. \u00a0<\/span><\/p>\n<p>Pro Person und \u00dcbernachtung erheben wir einen Beitrag von 10,00 \u20ac \u00a0zur Erhaltung der Kapelle, f\u00fcr Reinigung und Betriebskosten.<\/p>\n<p><span style=\"font-size: 12pt;\"><strong>F\u00fcr Anfragen zu einer \u00dcbernachtung kontaktieren Sie uns rechtzeitig ausschlie\u00dflich unter folgender Telefonnummer: \u00a00152 239 553 44 \u00a0Wenn Sie unter dieser Nummer niemanden erreichen, schreiben Sie uns eine SMS-Nachricht. Wir melden uns dann zur\u00fcck.<\/strong><\/span><\/p>\n","protected":false},"excerpt":{"rendered":"<p>Pilgerunterkunft in der Kapelle Swantow Neben der St. Stephanus-Kirche in Swantow steht eine kleine Kapelle, die vor ein paar Jahren saniert und ausgebaut wurde. \u00a0 \u00a0 Pilger haben hier die M\u00f6glichkeit, im Kapellenraum zu \u00fcbernachten. Eine Schlafmatte, ein Schlafsack, o.\u00e4. muss daf\u00fcr selbst mitgebracht werden. Betten sind nicht vorhanden, aber eine Toilette und eine K\u00fcche. [&hellip;]<\/p>\n","protected":false},"author":3,"featured_media":0,"parent":0,"menu_order":0,"comment_status":"closed","ping_status":"closed","template":"","meta":[],"_links":{"self":[{"href":"https:\/\/pfarrsprengel-garz.de\/index.php?rest_route=\/wp\/v2\/pages\/1962"}],"collection":[{"href":"https:\/\/pfarrsprengel-garz.de\/index.php?rest_route=\/wp\/v2\/pages"}],"about":[{"href":"https:\/\/pfarrsprengel-garz.de\/index.php?rest_route=\/wp\/v2\/types\/page"}],"author":[{"embeddable":true,"href":"https:\/\/pfarrsprengel-garz.de\/index.php?rest_route=\/wp\/v2\/users\/3"}],"replies":[{"embeddable":true,"href":"https:\/\/pfarrsprengel-garz.de\/index.php?rest_route=%2Fwp%2Fv2%2Fcomments&post=1962"}],"version-history":[{"count":6,"href":"https:\/\/pfarrsprengel-garz.de\/index.php?rest_route=\/wp\/v2\/pages\/1962\/revisions"}],"predecessor-version":[{"id":2021,"href":"https:\/\/pfarrsprengel-garz.de\/index.php?rest_route=\/wp\/v2\/pages\/1962\/revisions\/2021"}],"wp:attachment":[{"href":"https:\/\/pfarrsprengel-garz.de\/index.php?rest_route=%2Fwp%2Fv2%2Fmedia&parent=1962"}],"curies":[{"name":"wp","href":"https:\/\/api.w.org\/{rel}","templated":true}]}}