{"id":21,"date":"2015-03-07T15:34:10","date_gmt":"2015-03-07T15:34:10","guid":{"rendered":"http:\/\/pfarrsprengel-garz.de\/?page_id=21"},"modified":"2025-09-19T12:53:17","modified_gmt":"2025-09-19T12:53:17","slug":"kirchenmusik","status":"publish","type":"page","link":"https:\/\/pfarrsprengel-garz.de\/?page_id=21","title":{"rendered":"Kirchenmusik"},"content":{"rendered":"<p><span style=\"color: #0000ff;\"><strong><span style=\"font-size: 14pt;\">Bl\u00e4serkreis Garz<\/span><\/strong><\/span><\/p>\n<p><span style=\"font-size: 12pt;\">Probe immer <strong>dienstags um 19.00 Uhr<\/strong><\/span><\/p>\n<p><span style=\"font-size: 12pt;\">Wir freuen \u00fcber Bl\u00e4ser, die in unserem Bl\u00e4serkreis mitmachen m\u00f6chten. F\u00fcr R\u00fcckfragen und Absprachen meldet Euch bitte vorher im Pfarramt (Tel: 038304-257)<\/span><\/p>\n","protected":false},"excerpt":{"rendered":"<p>Bl\u00e4serkreis Garz Probe immer dienstags um 19.00 Uhr Wir freuen \u00fcber Bl\u00e4ser, die in unserem Bl\u00e4serkreis mitmachen m\u00f6chten. F\u00fcr R\u00fcckfragen und Absprachen meldet Euch bitte vorher im Pfarramt (Tel: 038304-257)<\/p>\n","protected":false},"author":2,"featured_media":0,"parent":0,"menu_order":0,"comment_status":"closed","ping_status":"open","template":"","meta":[],"_links":{"self":[{"href":"https:\/\/pfarrsprengel-garz.de\/index.php?rest_route=\/wp\/v2\/pages\/21"}],"collection":[{"href":"https:\/\/pfarrsprengel-garz.de\/index.php?rest_route=\/wp\/v2\/pages"}],"about":[{"href":"https:\/\/pfarrsprengel-garz.de\/index.php?rest_route=\/wp\/v2\/types\/page"}],"author":[{"embeddable":true,"href":"https:\/\/pfarrsprengel-garz.de\/index.php?rest_route=\/wp\/v2\/users\/2"}],"replies":[{"embeddable":true,"href":"https:\/\/pfarrsprengel-garz.de\/index.php?rest_route=%2Fwp%2Fv2%2Fcomments&post=21"}],"version-history":[{"count":11,"href":"https:\/\/pfarrsprengel-garz.de\/index.php?rest_route=\/wp\/v2\/pages\/21\/revisions"}],"predecessor-version":[{"id":3608,"href":"https:\/\/pfarrsprengel-garz.de\/index.php?rest_route=\/wp\/v2\/pages\/21\/revisions\/3608"}],"wp:attachment":[{"href":"https:\/\/pfarrsprengel-garz.de\/index.php?rest_route=%2Fwp%2Fv2%2Fmedia&parent=21"}],"curies":[{"name":"wp","href":"https:\/\/api.w.org\/{rel}","templated":true}]}}

<p><span style="color: #0000ff;"><strong><span style="font-size: 14pt;">Bläserkreis Garz</span></strong></span></p>
<p><span style="font-size: 12pt;">Probe immer <strong>dienstags um 19.00 Uhr</strong></span></p>
<p><span style="font-size: 12pt;">Wir freuen über Bläser, die in unserem Bläserkreis mitmachen möchten. Für Rückfragen und Absprachen meldet Euch bitte vorher im Pfarramt (Tel: 038304-257)</span></p>

<p>Bläserkreis Garz Probe immer dienstags um 19.00 Uhr Wir freuen über Bläser, die in unserem Bläserkreis mitmachen möchten. Für Rückfragen und Absprachen meldet Euch bitte vorher im Pfarramt (Tel: 038304-257)</p>
