{"id":810,"date":"2021-02-07T12:22:10","date_gmt":"2021-02-07T12:22:10","guid":{"rendered":"http:\/\/pfarrsprengel-garz.de\/?page_id=810"},"modified":"2021-02-07T14:57:44","modified_gmt":"2021-02-07T14:57:44","slug":"am-abend","status":"publish","type":"page","link":"https:\/\/pfarrsprengel-garz.de\/?page_id=810","title":{"rendered":"Am Abend"},"content":{"rendered":"<p><span style=\"color: #0000ff;\"><strong><span style=\"font-size: 14pt;\">Abendgebete<\/span><\/strong><\/span><\/p>\n<p><span style=\"font-size: 14pt;\"><strong>Das Gebet der liebenden Aufmerksamkeit<\/strong><\/span><\/p>\n<p><span style=\"font-size: 12pt;\">Das Gebet der liebenden Aufmerksamkeit kann mir helfen, die Spuren Gottes im eigenen Leben besser zu entdecken und so<br \/>\naufmerksamer mit Gott zu leben.<\/span><br \/>\n<span style=\"font-size: 12pt;\">Es geht auf Ignatius von Loyola zur\u00fcck (+ 1556). F\u00fcr ihn war die Zeit f\u00fcr dieses Zur\u00fcckschauen auf den Tag die \u201ewichtigste<br \/>\nViertelstunde\u201c des Tages.<\/span><br \/>\n<span style=\"font-size: 12pt;\">Das Gebet der liebenden Aufmerksamkeit will dem nachsp\u00fcren, was mich im Laufe des Tages im Innersten bewegt hat und es vor Gott zu bedenken.<\/span><\/p>\n<p><span style=\"font-size: 12pt;\"><strong>Mich einfinden<\/strong><\/span><br \/>\n<span style=\"font-size: 12pt;\">Ich bin vor Gott gegenw\u00e4rtig und mache mir bewusst, dass er f\u00fcr mich da ist.<\/span><br \/>\n<span style=\"font-size: 12pt;\">Ich bin ganz da, mit meinem Leib, mit allem, was mich bewegt, und werde still.<\/span><\/p>\n<p><span style=\"font-size: 12pt;\"><strong>Bitten<\/strong><\/span><br \/>\n<span style=\"font-size: 12pt;\">Ich bitte Gott um seinen Geist und um Mut, die Wirklichkeit dieses Tages mit seinen Augen anschauen du zulassen zu k\u00f6nnen.<\/span><\/p>\n<p><span style=\"font-size: 12pt;\"><strong>Den Tag anschauen<\/strong><\/span><br \/>\n<span style=\"font-size: 12pt;\">Ich wende mich ohne Wertung und Urteil, mit liebender Aufmerksamkeit dem zu, was heute war: in mir, durch mich, um mich\u2026<\/span><br \/>\n<span style=\"font-size: 12pt;\">Ich lasse den Tag an mir vor\u00fcberziehen: jede Stunde, jeden Ort, jede Begegnung. Ich sp\u00fcre dabei dem nach, was mich bei alledem bewegt hat. Ich versuche, das Entscheidende f\u00fcr mich dabei zu entdecken: die Empfindungen, die in mir aufkamen; wo noch etwas offen geblieben ist; wo sich etwas in mir festgesetzt hat.<\/span><\/p>\n<p><span style=\"font-size: 12pt;\"><strong>Vor Gott bringen, was ich wahrgenommen habe<\/strong><\/span><br \/>\n<span style=\"font-size: 12pt;\">Ich sp\u00fcre dem nach, was gerade in mir ist: Freude, Unruhe, Friede, Betroffenheit, Trauer, Ohnmacht, Wut, Gelassenheit\u2026<br \/>\nIch nehme in den Blick, was ich als gut erkenne, was als Sehnsucht oder Ungel\u00f6stem in mir ist.<br \/>\nIch vertraue mich mit dem, was ich wahrnehme, Gott an.<\/span><br \/>\n<span style=\"font-size: 12pt;\">Ich danke ihm, ich lobe ihn, ich bitte ihn um Hilfe oder Vergebung \u2013 je nachdem, was mich gerade bewegt. Ich tue es in dem<br \/>\nWissen, dass er f\u00fcr mich da ist.<\/span><\/p>\n<p><span style=\"font-size: 12pt;\"><strong>Auf den kommenden Tag zugehen<\/strong><\/span><br \/>\n<span style=\"font-size: 12pt;\">Ich nehme in den Blick, was mich am n\u00e4chsten Tag bewegen wird. Die Ereignisse, die Hoffnungen oder Sorgen, oder was auch immer im Blick auf den n\u00e4chsten Tag da ist, \u00fcbergebe ich Gott.<\/span><\/p>\n","protected":false},"excerpt":{"rendered":"<p>Abendgebete Das Gebet der liebenden Aufmerksamkeit Das Gebet der liebenden Aufmerksamkeit kann mir helfen, die Spuren Gottes im eigenen Leben besser zu entdecken und so aufmerksamer mit Gott zu leben. Es geht auf Ignatius von Loyola zur\u00fcck (+ 1556). F\u00fcr ihn war die Zeit f\u00fcr dieses Zur\u00fcckschauen auf den Tag die \u201ewichtigste Viertelstunde\u201c des Tages. [&hellip;]<\/p>\n","protected":false},"author":3,"featured_media":0,"parent":0,"menu_order":0,"comment_status":"closed","ping_status":"closed","template":"","meta":[],"_links":{"self":[{"href":"https:\/\/pfarrsprengel-garz.de\/index.php?rest_route=\/wp\/v2\/pages\/810"}],"collection":[{"href":"https:\/\/pfarrsprengel-garz.de\/index.php?rest_route=\/wp\/v2\/pages"}],"about":[{"href":"https:\/\/pfarrsprengel-garz.de\/index.php?rest_route=\/wp\/v2\/types\/page"}],"author":[{"embeddable":true,"href":"https:\/\/pfarrsprengel-garz.de\/index.php?rest_route=\/wp\/v2\/users\/3"}],"replies":[{"embeddable":true,"href":"https:\/\/pfarrsprengel-garz.de\/index.php?rest_route=%2Fwp%2Fv2%2Fcomments&post=810"}],"version-history":[{"count":11,"href":"https:\/\/pfarrsprengel-garz.de\/index.php?rest_route=\/wp\/v2\/pages\/810\/revisions"}],"predecessor-version":[{"id":840,"href":"https:\/\/pfarrsprengel-garz.de\/index.php?rest_route=\/wp\/v2\/pages\/810\/revisions\/840"}],"wp:attachment":[{"href":"https:\/\/pfarrsprengel-garz.de\/index.php?rest_route=%2Fwp%2Fv2%2Fmedia&parent=810"}],"curies":[{"name":"wp","href":"https:\/\/api.w.org\/{rel}","templated":true}]}}