{"id":842,"date":"2021-02-07T15:22:00","date_gmt":"2021-02-07T15:22:00","guid":{"rendered":"http:\/\/pfarrsprengel-garz.de\/?page_id=842"},"modified":"2026-02-21T10:54:44","modified_gmt":"2026-02-21T10:54:44","slug":"spenden","status":"publish","type":"page","link":"https:\/\/pfarrsprengel-garz.de\/?page_id=842","title":{"rendered":"Spenden"},"content":{"rendered":"<p><span style=\"color: #0000ff;\"><strong><span style=\"font-size: 14pt;\">Spenden<\/span><\/strong><\/span><\/p>\n<p><span style=\"font-size: 12pt;\">Wir freuen uns sehr \u00fcber Ihre Spende zum Erhalt unserer Kirchen oder zur F\u00f6rderung der Gemeindearbeit in den<br \/>\nKirchengemeinden Garz, Sehlen, Zudar und Poseritz.<\/span><\/p>\n<p><span style=\"font-size: 12pt;\">Wenn Sie f\u00fcr ein konkretes Projekt spenden m\u00f6chten, geben Sie dies bitte im Verwendungszweck an. Nat\u00fcrlich stellen wir Ihnen gern eine Spendenbescheinigung aus. Teilen Sie uns daf\u00fcr bitte auch Ihre Postadresse im Verwendungszweck Ihrer<br \/>\n\u00dcberweisung mit. Wenn Sie Fragen dazu haben, rufen Sie gern im Gemeindeb\u00fcro in Garz (Tel.: 038304-829909) an.<\/span><\/p>\n<p><span style=\"font-size: 12pt;\"><strong>Wir danken allen Spendern und Spenderinnen f\u00fcr die Unterst\u00fctzung !!!<\/strong><\/span><\/p>\n<p><span style=\"font-size: 12pt;\"><strong>Aktuelle Spendenprojekte:<\/strong><\/span><\/p>\n<p><span style=\"font-size: 12pt;\">\u2666 Arbeit mit Kindern und Jugendlichen in den beiden Kirchengemeinden<\/span><\/p>\n<p><span style=\"font-size: 12pt;\">\u2666 Fertigstellung der Sanierung des Turmes der St. Stephanus Kirche Swantow<\/span><\/p>\n<p><span style=\"font-size: 12pt;\">\u2666 Sanierung des Kirchenschiffes der St. Marien-Kirche Poseritz<\/span><\/p>\n<p><span style=\"font-size: 12pt;\">\u2666 Teilsanierung der Fassaden der St. Petri-Kirche Garz<\/span><\/p>\n<p><span style=\"font-size: 12pt;\">\u2666 Anschaffung von neuen B\u00e4nken f\u00fcr die Friedh\u00f6fe Garz, Sehlen und Zudar<\/span><\/p>\n<p><span style=\"font-size: 14pt;\"><strong>Kontoverbindungen:<\/strong><\/span><\/p>\n<p><strong><span style=\"font-size: 12pt;\">F\u00fcr Garz, Sehlen und Zudar:<\/span><\/strong><\/p>\n<p><strong><span style=\"font-size: 12pt;\">\u00a0 \u00a0 \u00a0 \u00a0 \u00a0 \u00a0 \u00a0 \u00a0Ev. Kirchengemeinde Garz-Sehlen-Zudar<\/span><\/strong><br \/>\n<span style=\"font-size: 12pt;\">\u00a0 \u00a0 \u00a0 \u00a0 \u00a0 \u00a0 \u00a0 \u00a0IBAN: DE05 1505 0500 0836 1605 \u00a050<\/span><\/p>\n<p><span style=\"font-size: 12pt;\"><strong>F\u00fcr Gustow, Poseritz und Swantow:<\/strong><\/span><\/p>\n<p><strong><span style=\"font-size: 12pt;\">\u00a0 \u00a0 \u00a0 \u00a0 \u00a0 \u00a0 \u00a0 \u00a0Ev. Kirchengemeinde Poseritz<\/span><\/strong><br \/>\n<span style=\"font-size: 12pt;\">\u00a0 \u00a0 \u00a0 \u00a0 \u00a0 \u00a0 \u00a0 \u00a0IBAN: DE42 5206 0410 0805 4227 44<\/span><\/p>\n","protected":false},"excerpt":{"rendered":"<p>Spenden Wir freuen uns sehr \u00fcber Ihre Spende zum Erhalt unserer Kirchen oder zur F\u00f6rderung der Gemeindearbeit in den Kirchengemeinden Garz, Sehlen, Zudar und Poseritz. Wenn Sie f\u00fcr ein konkretes Projekt spenden m\u00f6chten, geben Sie dies bitte im Verwendungszweck an. Nat\u00fcrlich stellen wir Ihnen gern eine Spendenbescheinigung aus. Teilen Sie uns daf\u00fcr bitte auch Ihre [&hellip;]<\/p>\n","protected":false},"author":3,"featured_media":0,"parent":0,"menu_order":0,"comment_status":"closed","ping_status":"closed","template":"","meta":[],"_links":{"self":[{"href":"https:\/\/pfarrsprengel-garz.de\/index.php?rest_route=\/wp\/v2\/pages\/842"}],"collection":[{"href":"https:\/\/pfarrsprengel-garz.de\/index.php?rest_route=\/wp\/v2\/pages"}],"about":[{"href":"https:\/\/pfarrsprengel-garz.de\/index.php?rest_route=\/wp\/v2\/types\/page"}],"author":[{"embeddable":true,"href":"https:\/\/pfarrsprengel-garz.de\/index.php?rest_route=\/wp\/v2\/users\/3"}],"replies":[{"embeddable":true,"href":"https:\/\/pfarrsprengel-garz.de\/index.php?rest_route=%2Fwp%2Fv2%2Fcomments&post=842"}],"version-history":[{"count":27,"href":"https:\/\/pfarrsprengel-garz.de\/index.php?rest_route=\/wp\/v2\/pages\/842\/revisions"}],"predecessor-version":[{"id":3808,"href":"https:\/\/pfarrsprengel-garz.de\/index.php?rest_route=\/wp\/v2\/pages\/842\/revisions\/3808"}],"wp:attachment":[{"href":"https:\/\/pfarrsprengel-garz.de\/index.php?rest_route=%2Fwp%2Fv2%2Fmedia&parent=842"}],"curies":[{"name":"wp","href":"https:\/\/api.w.org\/{rel}","templated":true}]}}

<p><span style="color: #0000ff;"><strong><span style="font-size: 14pt;">Spenden</span></strong></span></p>
<p><span style="font-size: 12pt;">Wir freuen uns sehr über Ihre Spende zum Erhalt unserer Kirchen oder zur Förderung der Gemeindearbeit in den<br />
Kirchengemeinden Garz, Sehlen, Zudar und Poseritz.</span></p>
<p><span style="font-size: 12pt;">Wenn Sie für ein konkretes Projekt spenden möchten, geben Sie dies bitte im Verwendungszweck an. Natürlich stellen wir Ihnen gern eine Spendenbescheinigung aus. Teilen Sie uns dafür bitte auch Ihre Postadresse im Verwendungszweck Ihrer<br />
Überweisung mit. Wenn Sie Fragen dazu haben, rufen Sie gern im Gemeindebüro in Garz (Tel.: 038304-829909) an.</span></p>
<p><span style="font-size: 12pt;"><strong>Wir danken allen Spendern und Spenderinnen für die Unterstützung !!!</strong></span></p>
<p><span style="font-size: 12pt;"><strong>Aktuelle Spendenprojekte:</strong></span></p>
<p><span style="font-size: 12pt;">♦ Arbeit mit Kindern und Jugendlichen in den beiden Kirchengemeinden</span></p>
<p><span style="font-size: 12pt;">♦ Fertigstellung der Sanierung des Turmes der St. Stephanus Kirche Swantow</span></p>
<p><span style="font-size: 12pt;">♦ Sanierung des Kirchenschiffes der St. Marien-Kirche Poseritz</span></p>
<p><span style="font-size: 12pt;">♦ Teilsanierung der Fassaden der St. Petri-Kirche Garz</span></p>
<p><span style="font-size: 12pt;">♦ Anschaffung von neuen Bänken für die Friedhöfe Garz, Sehlen und Zudar</span></p>
<p><span style="font-size: 14pt;"><strong>Kontoverbindungen:</strong></span></p>
<p><strong><span style="font-size: 12pt;">Für Garz, Sehlen und Zudar:</span></strong></p>
<p><strong><span style="font-size: 12pt;">               Ev. Kirchengemeinde Garz-Sehlen-Zudar</span></strong><br />
<span style="font-size: 12pt;">               IBAN: DE05 1505 0500 0836 1605  50</span></p>
<p><span style="font-size: 12pt;"><strong>Für Gustow, Poseritz und Swantow:</strong></span></p>
<p><strong><span style="font-size: 12pt;">               Ev. Kirchengemeinde Poseritz</span></strong><br />
<span style="font-size: 12pt;">               IBAN: DE42 5206 0410 0805 4227 44</span></p>

<p>Spenden Wir freuen uns sehr über Ihre Spende zum Erhalt unserer Kirchen oder zur Förderung der Gemeindearbeit in den Kirchengemeinden Garz, Sehlen, Zudar und Poseritz. Wenn Sie für ein konkretes Projekt spenden möchten, geben Sie dies bitte im Verwendungszweck an. Natürlich stellen wir Ihnen gern eine Spendenbescheinigung aus. Teilen Sie uns dafür bitte auch Ihre [&hellip;]</p>
